{"id":75,"date":"2020-10-20T09:42:04","date_gmt":"2020-10-20T07:42:04","guid":{"rendered":"http:\/\/n.zegluga.edu.pl\/?page_id=75"},"modified":"2020-10-20T09:42:04","modified_gmt":"2020-10-20T07:42:04","slug":"informacje","status":"publish","type":"page","link":"https:\/\/n.zegluga.edu.pl\/?page_id=75","title":{"rendered":"INFORMACJE"},"content":{"rendered":"\n<p>W tym dziale znajduj\u0105 si\u0119 zarz\u0105dzenia dyrektora, informacje dla rodzic\u00f3w oraz uczni\u00f3w oraz najwa\u017cniejsze dokumenty szkolne<\/p>\n","protected":false},"excerpt":{"rendered":"<p>W tym dziale znajduj\u0105 si\u0119 zarz\u0105dzenia dyrektora, informacje dla rodzic\u00f3w oraz uczni\u00f3w oraz najwa\u017cniejsze dokumenty szkolne<\/p>\n","protected":false},"author":1,"featured_media":0,"parent":0,"menu_order":0,"comment_status":"closed","ping_status":"closed","template":"","meta":{"footnotes":""},"class_list":["post-75","page","type-page","status-publish","hentry"],"_links":{"self":[{"href":"https:\/\/n.zegluga.edu.pl\/index.php?rest_route=\/wp\/v2\/pages\/75","targetHints":{"allow":["GET"]}}],"collection":[{"href":"https:\/\/n.zegluga.edu.pl\/index.php?rest_route=\/wp\/v2\/pages"}],"about":[{"href":"https:\/\/n.zegluga.edu.pl\/index.php?rest_route=\/wp\/v2\/types\/page"}],"author":[{"embeddable":true,"href":"https:\/\/n.zegluga.edu.pl\/index.php?rest_route=\/wp\/v2\/users\/1"}],"replies":[{"embeddable":true,"href":"https:\/\/n.zegluga.edu.pl\/index.php?rest_route=%2Fwp%2Fv2%2Fcomments&post=75"}],"version-history":[{"count":1,"href":"https:\/\/n.zegluga.edu.pl\/index.php?rest_route=\/wp\/v2\/pages\/75\/revisions"}],"predecessor-version":[{"id":76,"href":"https:\/\/n.zegluga.edu.pl\/index.php?rest_route=\/wp\/v2\/pages\/75\/revisions\/76"}],"wp:attachment":[{"href":"https:\/\/n.zegluga.edu.pl\/index.php?rest_route=%2Fwp%2Fv2%2Fmedia&parent=75"}],"curies":[{"name":"wp","href":"https:\/\/api.w.org\/{rel}","templated":true}]}}